ive v(q).
4
Let l = -4 - 1. Let o = l + 9. Let j(a) = -a**2 + 4*a + 3. What is j(o)?
3
Let x(m) be the first derivative of -13*m**2/2 + 1. What is x(1)?
-13
Suppose f + 4 = 2*x + 14, -10 = 5*f + 2*x. Let n(y) = 2 + 5*y**3 - 4*y**3 - 1 + y. Calculate n(f).
1
Let c(l) = -2*l - 4. Let w = 7 + -11. Calculate c(w).
4
Let b(x) = 5*x**3 + 4*x**2 + 3*x. Let w(i) be the third derivative of -i**6/120 - i**3/6 + 2*i**2. Let o(r) = b(r) + 4*w(r). Let a = -6 - -3. Give o(a).
-4
Suppose -6*y + y - 5*c + 15 = 0, -4*y + 5*c + 3 = 0. Let v be 5 - (y - 3)*-3. Let r(i) = -i + 7*i**v - 4*i**2 - 6*i**3 + 1 + 7*i**3. Give r(-2).
7
Let v(t) be the third derivative of -t**4/24 - 7*t**3/6 - t**2. Let q(f) = f**3 + 7*f**2 + f + 1. Let i be q(-7). What is v(i)?
-1
Let b = 27 + -20. Let a(o) = -o**3 + 6*o**2 + 7*o + 1. Give a(b).
1
Let h(u) be the third derivative of -1/60*u**5 - u**2 - 1/24*u**4 - 1/6*u**3 + 0 + 1/30*u**6 + 0*u. Determine h(-1).
-5
Let z(k) = -5*k - 1. Suppose 3*u = -32 + 17. Determine z(u).
24
Let x(k) = -2*k**2 + 9*k + 2. Let w be x(4). Let l(s) = 3*s + 1. Calculate l(w).
19
Suppose n + 6 = -5. Let g = -6 - n. Let f = -2 + g. Let t(l) = -l**3 + 3*l**2 + 3*l. Calculate t(f).
9
Let m(t) = 2*t**3 - t**2 - 1. Let s(q) = q**2. Let h(c) = m(c) + 4*s(c). Let v = -1 - -2. Let r be (3 - v)*(-2 + 1). Give h(r).
-5
Suppose 2*m + 4 = -4. Let x(z) = -z**3 - 3*z**2 + 4*z - 3. Determine x(m).
-3
Let a(j) = -j - 9. Let m(x) = -x + 18. Let q(g) = 1. Let h(r) = -m(r) + 3*q(r). Let f be h(11). Give a(f).
-5
Let x be (0 + 4)/(3 + -2). Let k(v) = 1 - 3*v + x*v + 0. Let p(n) = -n**2 - 15*n + 4. Let b be p(-15). Give k(b).
5
Suppose t - 12 = 3*q + q, 0 = q - 5*t - 16. Let x(m) = -m**3 - 3*m**2 + 3*m + 3. Calculate x(q).
7
Let a(b) = -b**3 - 8*b**2 - 9*b - 5. Suppose -3*w + g - 31 = -g, 0 = 5*g - 25. Determine a(w).
9
Let z(i) = i**2 - 8*i + 4. Let j be z(7). Let a(k) = -k**3 - 3*k**2 + 2*k. Give a(j).
-6
Let g(q) = -7*q**2 + 3*q - 3. Let b(l) = -10*l**2 + 4*l - 4. Let x(h) = -5*b(h) + 7*g(h). Give x(0).
-1
Let f(w) = -7*w**3 + 14*w**2 - 9*w + 19. Let l(y) = -3*y**3 + 9*y**2 - 2*y**2 + 12 - 3 - 5*y. Let v(a) = -2*f(a) + 5*l(a). Give v(6).
1
Suppose 4 = 2*o - 6. Let s = -6 + o. Let a(g) = -g - 1. Let x(c) = 5*c + 2. Let z(p) = -3*a(p) - x(p). Calculate z(s).
3
Let n(u) = u**3 + 3*u**2 - 6*u - 10. Let x be n(-4). Let o(a) = 4*a + 2. Calculate o(x).
-6
Let j be (-47)/9 - (-6)/27. Let p(d) = d**2 + 7*d + 5. Give p(j).
-5
Let k(b) be the third derivative of -b**4/24 - 2*b**2. Let q = 103 - 106. Determine k(q).
3
Let d(x) = x**3 + 6*x**2 + 5*x. Let c be d(-5). Let q(s) = -s + 8*s**2 + 0 + c + 1. Give q(1).
8
Let d(l) be the third derivative of l**6/120 - l**5/10 - 7*l**4/24 + l**3/6 - 36*l**2. Calculate d(7).
1
Let z(r) be the first derivative of 4*r + 3*r - 4*r + 2*r + r**2 - 5. Give z(-5).
-5
Let a(d) = -d**2 + 5*d + 8. Suppose -3*o + 41 = -4*h, o - 18 = 2*o + 5*h. What is a(o)?
-6
Let k(g) be the third derivative of 1/6*g**3 + 0*g + 0*g**4 + g**2 + 1/20*g**5 + 0. Suppose -5*d + 3*q + 2 - 12 = 0, 0 = -d - q + 6. Calculate k(d).
4
Let s(u) = -8 + 26 - 11 + 2*u - 11. Let w(y) = y**2 + y - 3. Let r be w(0). Calculate s(r).
-10
Let x(o) = 3*o**3 + o**2 + 592 - 592 - o. What is x(1)?
3
Let h(g) = -3*g - 2*g**2 + 2*g - 6*g**2 + 0*g. Suppose 3*j + 19 = -4*p, -2 = 2*p + j + 5. Give h(p).
-7
Let l(y) = y**3 - 5*y**2 - 6*y - 2. Let h(x) = x**2 + 14*x + 30. Let t be h(-12). Calculate l(t).
-2
Let c be (4/(-7))/((-48)/56). Let f(h) be the second derivative of -3*h - 3/2*h**2 + 0 - c*h**3. Determine f(-2).
5
Let a(x) be the second derivative of x**7/2520 + x**6/144 + x**5/120 - x**4/12 - 3*x. Let n(p) be the third derivative of a(p). What is n(-6)?
7
Let w be 2 + -6 + 3 + 4. Let y(t) = 2*t - 1. Let q(a) = a - 1. Let k(f) = w*y(f) - 2*q(f). Give k(1).
3
Suppose 11 = 3*d + 4*z, -z - 3*z = -3*d + 19. Let u(f) be the second derivative of -f**4/12 + 5*f**3/6 - 7*f**2/2 + 14*f. What is u(d)?
-7
Let i(m) = -m**2 + 4. Let c(f) = f**3 + 12*f**2 + f + 12. Let p be c(-12). Give i(p).
4
Let x(y) = 3 - y - 9 + 4 - y**3 + 2*y. Let h be x(0). Let l be h/10 + (-22)/(-10). Let q(o) = 2*o**2 + o - 1. Give q(l).
9
Let v = 10 - 15. Let t be (-16)/(-10)*v/(-2). Let r(i) = i**2 - i + 4. Let o(x) = 2*x**2 - x + 7. Let p(g) = -2*o(g) + 5*r(g). Determine p(t).
10
Let d(v) = -v**2 + 6*v - 9. Let i(g) = g**2 - g + 1. Let k(s) = -d(s) - 2*i(s). Let l be (-2)/(-11) - 62/(-22). Suppose -15 = 6*z - l*z. What is k(z)?
2
Let o(j) = -6*j - 1. Let s be o(-1). Suppose 0*n = m - n - 2, -20 = -5*m - s*n. Let w(d) = d**3 - 3*d**2 + 3*d. Calculate w(m).
9
Suppose -i - 5*r - 2 = -0*i, 4 = -2*i + 2*r. Let j(w) = -5*w + 4*w - 2*w - 2. Give j(i).
4
Let a(f) be the second derivative of -f**4/6 + f**2 - f. Let m(u) be the first derivative of a(u). Let t = -1 + -1. Calculate m(t).
8
Let q(f) = -2*f - 17. Let z be q(-12). Let w(v) = -v**2 + z*v - 7*v + 1 - 5. Determine w(3).
-13
Let w(r) = -2*r + 7. Let s(x) = x - 2. Let g(m) = -7*s(m) - 2*w(m). Let h = 6 - 4. Determine g(h).
-6
Let f = 148 - 144. Let i(q) = q**3 - 3*q**2 - 4*q + 2. Calculate i(f).
2
Let f be 6 - (0 + 7) - 10/2. Let a(q) = -q**2 - 7*q + 2. Give a(f).
8
Let d(n) be the second derivative of n**3/2 - 3*n**2/2 + n. Calculate d(2).
3
Let t(a) be the third derivative of a**4/24 + 2*a**3 + 3*a**2. Let o = 6 + -12. What is t(o)?
6
Let p(f) = f**2 - 2*f - 1. Suppose 3*c - d + 24 = 3*d, -5*c + 3*d = 29. Let q(r) = r**2 + 5*r + 1. Let w be q(c). What is p(w)?
14
Let f be 0/(-4) + 1 + 0. Suppose -5*s = -f - 24. Suppose -23 = -5*i + 2*r, 3*i + r = s*r + 25. Let z(j) = 5*j - 2. Calculate z(i).
13
Suppose -2*d = -7*d + 10. Let f(t) = 2*t + t - t**d - t + 0*t**2. Let g = 6 + -4. Calculate f(g).
0
Let h be (-4 - 0)*10/8. Let c(s) = 7*s - 1 + 0*s**2 + 2*s**2 + 3 - s**2. Determine c(h).
-8
Let b(u) = u**3 - 5*u**2 + 7*u - 5. Suppose -12*q + 8*q + 16 = 0. Calculate b(q).
7
Suppose -p - r = 0, 0 = 2*p + 5*r + 1 + 8. Let h(t) = -2*t**2 + 2*t + 3. Calculate h(p).
-9
Let g(n) = -20*n + 6. Suppose -4*d = -51 - 5. Let f(i) = -7*i + 2. Let p(o) = d*f(o) - 5*g(o). Suppose 20 = -3*l + 8. Calculate p(l).
-10
Let x(i) be the first derivative of i**3 + i**2/2 + i - 12. Calculate x(-2).
11
Let b be 4*(-1 - 0/(-1)). Let f(m) = 13*m**3 + 6*m**2 - 8*m - 6. Let p(k) = -7*k**3 - 3*k**2 + 4*k + 3. Let i(j) = 6*f(j) + 11*p(j). Determine i(b).
-3
Let r(o) = 0*o + 5*o - 4*o. Let v = 27 + -28. Let q(m) = -4*m + 1. Let y(p) = v*q(p) - 5*r(p). Determine y(4).
-5
Let o(i) = i**2 + 3*i + 3. Let p be o(-2). Suppose 2*q = -q. Suppose -v = -q - p. Let j(x) = x**2 + x - 1. What is j(v)?
1
Let o(c) = 3*c. Suppose 4*p + 16 = -3*w, 0*p - 2*p = -w - 2. Determine o(w).
-12
Let s(j) = -4*j + 3. Let v(i) = 5*i - 4. Let n(h) = 4*s(h) + 3*v(h). Let f = 5 - 3. Let b = f - -3. Give n(b).
-5
Suppose -3*p = -5*b - 5*p + 15, -4*p = 3*b + 5. Let j(c) = 3. Let t(v) = v. Let k(l) = -2*j(l) + 2*t(l). Calculate k(b).
4
Let i(q) = -q**3 - q**2 + 3*q + 1. Let y = 55 - 57. Calculate i(y).
-1
Let q(s) = s**3 + 10*s**2 + s - 1. Suppose 0 = -5*a - 67 + 17. What is q(a)?
-11
Suppose -47 = 2*s + 3*s - h, 0 = -4*h + 8. Let j(g) = -g - 12. Give j(s).
-3
Let v = -2 - -6. Let t(p) = p**2 - 2*p**2 + 2 - 8 + 4*p. Give t(v).
-6
Let j(h) = -h + 7. Let c(d) = d**2 + 5*d - 6. Let p be c(-6). Let w = 0 + p. Determine j(w).
7
Let h(s) = -s - 1. Suppose -j + 21 = 2*b + 3*b, -4*j - b - 11 = 0. What is h(j)?
3
Let j(f) be the third derivative of -f**5/60 - f**4/3 - 4*f**3/3 + 6*f**2. Give j(-8).
-8
Let s be 4/14 + (-104)/(-28). Let m be 2/2*(s - -1). Let a(b) be the third derivative of b**5/60 - b**4/6 - b**3/2 + b**2. Calculate a(m).
2
Let f(q) = q**3 - 10*q**2 + 8*q - 6. Let d be f(9). Let n = d - -21. Let r(m) = n + 2*m - 7 - 3*m**2 - m**3 + m**2. Calculate r(-3).
2
Let p(f) = 9*f**2 - 8*f**2 + 16 - 25. What is p(0)?
-9
Let d(z) = -z**2 - 34 + 33 - 4*z**2 - 3*z**2. Determine d(1).
-9
Let r = 7 + -5. Let z(q) = -5*q**2 - 2*q + 2. Let y(h) = -6*h**2 - 3*h + 3. Let l(u) = -3*y(u) + 4*z(u). What is l(r)?
-7
Let o(h) = -h**2 - 5*h + 0*h**3 + h**3 - 4*h**2. Let x be o(6). Suppose i - x*i = -4*l - 1, -2*l - 5*i = -7. Let c(t) = 2*t - 1. What is c(l)?
1
Let d(z) = -z**3 + 18 - 5 - z - 5 - 3*z**2 - 12. Calculate d(-3).
-1
Let w(f) be the first derivative of -f**3/